n 29212955 is divided by 593.
589
What is the remainder when 50962 is divided by 768?
274
Calculate the remainder when 24538 is divided by 12207.
124
What is the remainder when 694020 is divided by 9435?
5265
What is the remainder when 18167 is divided by 7974?
2219
Calculate the remainder when 1501785 is divided by 4303.
38
What is the remainder when 646893 is divided by 6669?
0
What is the remainder when 32456 is divided by 32280?
176
What is the remainder when 1743017 is divided by 614?
485
What is the remainder when 540232 is divided by 539872?
360
Calculate the remainder when 19131416 is divided by 5.
1
Calculate the remainder when 18974 is divided by 73.
67
What is the remainder when 4254758 is divided by 252?
242
What is the remainder when 9324181 is divided by 1177?
1164
Calculate the remainder when 166044 is divided by 13956.
12528
What is the remainder when 113852 is divided by 2076?
1748
Calculate the remainder when 948547 is divided by 57.
10
Calculate the remainder when 3113111 is divided by 4354.
1
What is the remainder when 101970138 is divided by 6362?
2
What is the remainder when 14036210 is divided by 22?
12
Calculate the remainder when 8110584 is divided by 173.
171
Calculate the remainder when 41127548 is divided by 14657.
6
Calculate the remainder when 163518418 is divided by 80.
18
Calculate the remainder when 119262 is divided by 4539.
1248
What is the remainder when 204688 is divided by 25561?
200
What is the remainder when 7403 is divided by 4087?
3316
Calculate the remainder when 1592568 is divided by 4168.
392
Calculate the remainder when 151996 is divided by 3447.
328
What is the remainder when 76131 is divided by 1003?
906
What is the remainder when 894 is divided by 180?
174
Calculate the remainder when 9011089 is divided by 278.
275
What is the remainder when 17891492 is divided by 2844?
2732
What is the remainder when 59260794 is divided by 904?
882
Calculate the remainder when 11236494 is divided by 375.
369
What is the remainder when 7847942 is divided by 763?
487
Calculate the remainder when 999728 is divided by 5404.
5392
Calculate the remainder when 20750183 is divided by 1482150.
83
What is the remainder when 4043160 is divided by 10?
0
Calculate the remainder when 86709 is divided by 3435.
834
Calculate the remainder when 168142 is divided by 167326.
816
What is the remainder when 726912 is divided by 2415?
2412
Calculate the remainder when 30456513 is divided by 162869.
10
Calculate the remainder when 1478399 is divided by 54.
41
Calculate the remainder when 5040632 is divided by 1088.
1016
Calculate the remainder when 228175288 is divided by 45635057.
3
What is the remainder when 10160643 is divided by 148?
147
Calculate the remainder when 21757054 is divided by 7252345.
19
What is the remainder when 161633850 is divided by 3361?
3360
Calculate the remainder when 649316 is divided by 522.
470
Calculate the remainder when 123632 is divided by 298.
260
Calculate the remainder when 1377286 is divided by 1128.
1126
Calculate the remainder when 33131983 is divided by 12303.
4
Calculate the remainder when 3083932 is divided by 342655.
37
What is the remainder when 800753250 is divided by 494?
492
What is the remainder when 962735 is divided by 71?
46
What is the remainder when 16656746 is divided by 125?
121
What is the remainder when 341164 is divided by 92?
28
Calculate the remainder when 568568 is divided by 189361.
485
What is the remainder when 22921840 is divided by 739414?
6
What is the remainder when 17967249 is divided by 54?
45
Calculate the remainder when 478344 is divided by 1339.
321
Calculate the remainder when 91419046 is divided by 4197.
4189
What is the remainder when 236470 is divided by 2038?
62
Calculate the remainder when 25045798 is divided by 31.
30
What is the remainder when 58274 is divided by 704?
546
What is the remainder when 3075 is divided by 2195?
880
What is the remainder when 6723 is divided by 6541?
182
What is the remainder when 232865 is divided by 223?
53
Calculate the remainder when 386836 is divided by 96657.
208
What is the remainder when 381626 is divided by 5157?
8
What is the remainder when 18031912 is divided by 175?
87
What is the remainder when 214179 is divided by 15280?
259
What is the remainder when 657781 is divided by 21907?
571
What is the remainder when 1237809 is divided by 792?
705
Calculate the remainder when 5228101 is divided by 1065.
16
Calculate the remainder when 1736680 is divided by 17026.
28
Calculate the remainder when 369786 is divided by 16807.
32
What is the remainder when 91206 is divided by 4307?
759
Calculate the remainder when 18620636 is divided by 15.
11
Calculate the remainder when 1609301 is divided by 76632.
29
Calculate the remainder when 8347 is divided by 2654.
385
Calculate the remainder when 3753646 is divided by 31543.
29
What is the remainder when 12819122 is divided by 3733?
0
Calculate the remainder when 17637290 is divided by 272.
266
What is the remainder when 6012965 is divided by 3006472?
21
Calculate the remainder when 3833367 is divided by 1685.
1677
What is the remainder when 116381221 is divided by 145?
16
Calculate the remainder when 309732 is divided by 309696.
36
Calculate the remainder when 1273510 is divided by 19294.
106
Calculate the remainder when 199022650 is divided by 67.
21
Calculate the remainder when 435719 is divided by 319.
284
Calculate the remainder when 2896491 is divided by 1720.
11
Calculate the remainder when 4831767 is divided by 500.
267
Calculate the remainder when 17434739 is divided by 1013.
1009
Calculate the remainder when 766977 is divided by 135.
42
What is the remainder when 105096 is divided by 3296?
2920
Calculate the remainder when 3510324 is divided by 63824.
4
What is the remainder when 62947794 is divided by 4821?
4818
Calculate the remainder when 8062229 is divided by 44.
21
What is the remainder when 357916 is divided by 2738?
1976
What is the remainder when 1231478 is divided by 2374?
1746
What is the remainder when 8889166 is divided by 24?
22
What is the remainder when 359854 is divided by 2768?
14
What is the remainder when 3795458 is divided by 2230?
2228
Calculate the remainder when 724718 is divided by 45263.
510
What is the remainder when 29327675 is divided by 2104?
19
What is the remainder when 6374309 is divided by 754?
747
Calculate the remainder when 51527 is divided by 837.
470
Calculate the remainder when 58523912 is divided by 237902.
20
Calculate the remainder when 1620819 is divided by 273.
18
Calculate the remainder when 173319 is divided by 716.
47
What is the remainder when 812982 is divided by 6719?
6702
What is the remainder when 36676958 is divided by 431493?
53
Calculate the remainder when 7578893 is divided by 3789408.
77
What is the remainder when 128314842 is divided by 89?
71
Calculate the remainder when 15966406 is divided by 25065.
1
Calculate the remainder when 2780325 is divided by 173769.
21
Calculate the remainder when 9478039 is divided by 2539.
2491
What is the remainder when 5973150 is divided by 13099?
6
Calculate the remainder when 827213 is divided by 9387.
1157
What is the remainder when 97247 is divided by 5086?
613
Calculate the remainder when 20790494 is divided by 52.
10
Calculate the remainder when 148581 is divided by 14.
13
What is the remainder when 16712762 is divided by 42?
38
What is the remainder when 1510628 is divided by 502209?
4001
What is the remainder when 2131081 is divided by 532767?
13
What is the remainder when 63004830 is divided by 294415?
20
What is the remainder when 3839052 is divided by 150?
102
Calculate the remainder when 3259724 is divided by 344.
324
Calculate the remainder when 1027032 is divided by 63.
6
Calculate the remainder when 35316849 is divided by 3918.
3915
Calculate the remainder when 46408944 is divided by 132.
120
What is the remainder when 1809047 is divided by 107?
105
Calculate the remainder when 412100 is divided by 137334.
98
What is the remainder when 127151951 is divided by 1756?
1747
Calculate the remainder when 178629 is divided by 12284.
6653
Calculate the remainder when 4842197 is divided by 18768.
53
Calculate the remainder when 584021978 is divided by 364.
358
What is the r